d by 11.
10
Let a(j) = j**3 + 8*j**2 + 2*j - 2. Let l(u) = u**2 + 8*u - 6. Let c be l(-8). What is the remainder when a(c) is divided by 15?
13
Let o = -52 - -33. Let k = -9 - o. Calculate the remainder when k is divided by (2 - 0) + (7 - 1)/3.
2
Let a = -22 - -19. Let z(g) = 2*g**3 + 2*g + 1. Let q be z(-1). What is the remainder when 2/q*a*23 is divided by 16?
14
Suppose r = 3*q + 4 + 15, -q = r + 1. Let j(a) = 7*a**2 + 2*a - 1. Calculate the remainder when ((-46)/(-1))/(r - 2) is divided by j(1).
7
What is the remainder when 35 is divided by 4 + (-2 - (-3)/((-3)/(-16)))?
17
Let w(y) = 3*y - 6. Let o = -2 + 4. Calculate the remainder when w(4) is divided by o.
0
Suppose 0 = -2*a + 3 - 1. Suppose 3*v = -3*i + a + 8, 2*i - v = 0. What is the remainder when i is divided by 1/3*3/1?
0
Let x = -28 - -17. Let r = x + 21. Suppose -4*h + 1 + 23 = 0. Calculate the remainder when r is divided by h.
4
Suppose z - 4*j = -8, 5*z + 0*j - j = 55. What is the remainder when 46 is divided by z?
10
Suppose 4*c = 10*c - 138. Calculate the remainder when 206 is divided by c.
22
Suppose 0 = -4*m + 8, 2*s - 24 = 4*m + 2. What is the remainder when 47 is divided by s?
13
Suppose -5*h + 117 = 37. What is the remainder when (46/6)/(2/12) is divided by h?
14
Let b = 22 - -7. Calculate the remainder when (-1617)/(-28) + (-9)/12 is divided by b.
28
What is the remainder when 1 + 4 + -3 - -22 is divided by 9?
6
Let b = 5 - -3. Let c = 37 - 19. What is the remainder when b is divided by (2/6)/(2/c)?
2
Suppose -3*a + 19 + 110 = 0. Let z = 7 + 62. Suppose -a - z = -4*p. Calculate the remainder when p is divided by 10.
8
Suppose 3*g - 135 = -21. Let x = 82 - 27. Let u = x - g. What is the remainder when 50 is divided by u?
16
Let j = 4 - 4. Suppose -4*h + 5*g + j*g = -64, 3*h = 2*g + 41. What is the remainder when h is divided by 7?
4
Suppose 2*b - 21 = 55. Let i(d) = -d**2 - 12*d - 19. What is the remainder when b is divided by i(-8)?
12
Suppose 0 = -2*y + 2, j + 196 = 4*j + 4*y. Let l = -29 + j. Let v = -10 - -19. What is the remainder when l is divided by v?
8
Let w(q) = 4*q + 6. Let z be w(13). Suppose -5*k = 3 - z. Calculate the remainder when 54 is divided by k.
10
Let x(s) = s**3 + 5*s**2 - 8*s - 4. Let w = 5 + -2. Calculate the remainder when x(-6) is divided by w.
2
Let o(w) = w**2 - 3*w - 1. Let x(u) = -u + 1. Let i(f) = -2*f - 3. Let g(l) = -i(l) - 5*x(l). What is the remainder when g(4) is divided by o(-2)?
8
Let m = 4 - 0. Calculate the remainder when 40 is divided by m/1*(-7)/(-2).
12
Let v(q) = q**2 + 4. Suppose 14*f = 19*f - 40. Calculate the remainder when v(-3) is divided by f.
5
Suppose -z - p + 13 = 4*z, -z - 5*p = 7. What is the remainder when (-11 + -1)/(6/(-4)) is divided by z?
2
Suppose -3*v + 13 = -5*b, 5 = b + 10. Let w = v + 2. What is the remainder when w/(-4)*(-2 + 44) is divided by 11?
10
What is the remainder when 5 is divided by 4*(-1)/(3/(-3))?
1
Let y(o) = 2*o + 3. Let n be y(9). What is the remainder when 2/3 - (-658)/n is divided by 17?
15
Let s = -39 - -86. Calculate the remainder when 92 is divided by s.
45
Let c(b) = -8 - b**2 + 5 - 8*b - 5. Let u be (9/(-2))/((-6)/(-8)). What is the remainder when 7 is divided by c(u)?
3
Let g = 2 + -2. Suppose -8 = -4*t - g*t. Let m = -13 + 16. What is the remainder when m is divided by t?
1
Let f(p) be the first derivative of p**3/3 - 6*p**2 + 4*p - 2. Let l be f(8). Let d = 66 + l. What is the remainder when d is divided by 13?
12
Let o = 15 + -12. What is the remainder when o is divided by 3?
0
Let b = -6 + 8. Suppose 2*j + n - 26 = -0*j, 5*j - 65 = -b*n. What is the remainder when 24 is divided by j?
11
Suppose 25 + 101 = 2*z. What is the remainder when 187 is divided by z?
61
Suppose 2*w - 3*r - 2*r - 89 = 0, -4*w + 163 = -5*r. Calculate the remainder when w is divided by 9.
1
Let a(f) = -f + 21. Let i be a(13). Let b = 8 + i. Let v(n) = -n**2 - 14*n - 3. Calculate the remainder when v(-7) is divided by b.
14
Let i(u) = 3*u**2 + 4*u. Let r = 2 - -3. Suppose -20 = -r*n + 20. Calculate the remainder when i(-3) is divided by n.
7
Let n = 15 + -12. Suppose 5*b = -4*a + b + 48, -n*a + 5*b - 4 = 0. What is the remainder when 27 is divided by a?
6
Let y = 2 + 1. Suppose 9 = y*r - 18. What is the remainder when 25 is divided by r?
7
Let i = -10 + 12. What is the remainder when (13/(-3))/(i/(-12)) is divided by 9?
8
Let f(s) = 12*s - 2. Let y(j) = j**2 + j + 12. Calculate the remainder when f(3) is divided by y(0).
10
Suppose 4*v = 12, -3*l + 5*v - 17 + 83 = 0. Calculate the remainder when l is divided by 17.
10
Calculate the remainder when 262/6 - (-9)/27 is divided by 23.
21
Let r = 60 + -24. Let n = r - 57. Let i = 35 + n. Calculate the remainder when 40 is divided by i.
12
Let b(c) be the third derivative of c**5/60 + c**4/12 + c**3/6 - 3*c**2. Calculate the remainder when b(-4) is divided by 3.
0
Suppose 10 = h + 5. Calculate the remainder when 27 is divided by h.
2
Let b(o) = -10*o - 85. Let l be b(-9). Let d(z) be the second derivative of 5*z**3/6 + 3*z**2 - z. Calculate the remainder when d(l) is divided by 17.
14
Let k(u) = -5*u + 6. Let t be k(-5). Suppose -5*c + 104 = -t. Let x(o) = o**2 - 8*o + 14. Calculate the remainder when c is divided by x(8).
13
Let s = -8 - -19. Let l = 40 - 9. What is the remainder when l is divided by s?
9
Suppose -3*r = -2*r - 13. Suppose 46 - 16 = 5*n. Calculate the remainder when (n*4)/(2 - 1) is divided by r.
11
Suppose 3*v - 3*l = 3, -3*v + 8*v + 2*l - 26 = 0. Suppose -v + 2 = -2*z, -2*a - z = -7. Calculate the remainder when 4 is divided by a.
1
Let c be (-32)/(-14) - 6/21. Suppose 2*v + 2*g = 16, 0 = 5*v - c*g - 25 - 36. Suppose -15 + 0 = -5*m. Calculate the remainder when v is divided by m.
2
Let q = -77 - -117. Calculate the remainder when 238 is divided by q.
38
Suppose 3*r = -0*r + 2*l + 49, 0 = -l + 4. Calculate the remainder when r is divided by 10.
9
Let t(a) = -2*a**2 + 25*a - 7. Calculate the remainder when 111 is divided by t(9).
55
Suppose 0 = 4*g - q - 0*q - 187, -77 = -2*g - 5*q. Calculate the remainder when g is divided by 24.
22
Suppose 0 = 2*a + 4*x - 20, 7 - 19 = 4*a - 5*x. Suppose -a*l - 39 = -5*l. What is the remainder when (6/5)/(1/20) is divided by l?
11
Suppose 0 = -5*q + 3*o + 21, -5*q + 25 - 6 = -2*o. What is the remainder when q is divided by 1?
0
Let q = -46 + 72. What is the remainder when 50 is divided by q?
24
Suppose -2*s + 2*d + 44 = 0, 2*d + 3*d = s - 18. What is the remainder when 114 is divided by s?
22
Suppose -4*z - 4 = i, z - 10 = -2*i + 10. Calculate the remainder when 45 is divided by i.
9
Let x = 7 + -1. Let m = x - 1. What is the remainder when (-3 - -4)/((-2)/(-34)) is divided by m?
2
Let c(n) = n - 13. Let k be c(13). Suppose k = -t + 4*t - 24. Suppose z = 10 + 5. Calculate the remainder when z is divided by t.
7
Suppose 8 = o - 3. What is the remainder when 19 is divided by o?
8
Suppose p - 17 = -3*l + 44, 211 = 3*p - 5*l. Let r = p - 3. What is the remainder when r is divided by 33?
31
Suppose -3*u = -6, 2*n + u - 32 = 6*u. Suppose 5 = -b, b + 66 - n = 4*g. Calculate the remainder when 18 is divided by g.
8
Let i = 3 - 1. Let u be (i - 3)/((-3)/84). Suppose -u = k - 3*k. Calculate the remainder when k is divided by 8.
6
Let n = 2 + -1. Let g = 16 - 5. Let p = g - 10. Calculate the remainder when n is divided by p.
0
Let a = -16 + 27. Let n be (6/(-4))/((-3)/4). What is the remainder when 1 - (n - 33 - -1) is divided by a?
9
Suppose y + 1 - 44 = -3*l, 4*y = 3*l - 68. What is the remainder when l is divided by 9?
7
Suppose 10 = 2*m, m = -5*n + 4*m + 130. What is the remainder when 83 is divided by n?
25
Let j = -3 - -6. Let l = 5 - j. Suppose 2*h = -l*g + 14, -31 = -4*h + 4*g + 5. Calculate the remainder when h is divided by 3.
2
Let o = 3 + -7. What is the remainder when 1 + o - (4 + -59) is divided by 18?
16
Calculate the remainder when (-1101)/(-21) - (-20)/35 is divided by 27.
26
Suppose 12 = -5*c + 32. Suppose 3*a = c*l - 19, -l + 9 = -6*a + a. Calculate the remainder when 13 is divided by l.
1
Suppose 6 = -6*j + 9*j. Calculate the remainder when j is divided by 1.
0
Let u(s) = 8 - 2*s - s - 3*s - s**2. What is the remainder when 15 is divided by u(-6)?
7
Suppose -3*z + z + 36 = 0. What is the remainder when